st common factor of 2905 and 167328.
581
Calculate the greatest common factor of 475 and 171.
19
What is the highest common factor of 6392 and 45594?
34
Calculate the highest common divisor of 136 and 118388.
68
What is the highest common factor of 5428363 and 43?
43
Calculate the greatest common divisor of 15 and 4643745.
15
Calculate the greatest common divisor of 3795974 and 364.
182
What is the greatest common divisor of 38100 and 9300?
300
Calculate the greatest common divisor of 36297 and 111.
111
Calculate the highest common factor of 585 and 250920.
45
What is the highest common divisor of 325 and 166595?
65
What is the greatest common divisor of 45 and 14778945?
45
Calculate the highest common factor of 2614024 and 56.
56
Calculate the greatest common factor of 3912 and 20.
4
What is the highest common factor of 249556 and 267?
89
What is the highest common divisor of 3038 and 490?
98
Calculate the greatest common factor of 6544 and 176.
16
Calculate the highest common divisor of 204204 and 156.
156
Calculate the highest common factor of 324 and 98334.
162
Calculate the greatest common factor of 10969 and 119.
7
Calculate the highest common factor of 16905 and 22655.
115
Calculate the highest common divisor of 372208 and 4816.
688
Calculate the greatest common factor of 355016 and 30248.
1592
Calculate the highest common factor of 129914 and 238.
34
What is the greatest common factor of 117 and 213681?
39
Calculate the highest common factor of 9306 and 234.
18
What is the highest common divisor of 101620 and 40?
20
Calculate the highest common divisor of 199826 and 44.
22
Calculate the highest common factor of 22187 and 44.
11
Calculate the greatest common factor of 1338 and 18.
6
What is the highest common factor of 205 and 2375?
5
Calculate the highest common factor of 209205 and 225.
45
Calculate the highest common factor of 255184 and 16.
16
Calculate the highest common divisor of 7491 and 8899.
11
Calculate the greatest common divisor of 664 and 403048.
664
What is the highest common factor of 635 and 53467?
127
What is the highest common factor of 819603 and 684?
171
Calculate the greatest common factor of 25754 and 1027.
79
Calculate the highest common factor of 25 and 26395.
5
What is the highest common divisor of 32643 and 533?
13
Calculate the highest common divisor of 3392 and 9126176.
1696
Calculate the highest common factor of 7219 and 2.
1
What is the greatest common factor of 636 and 21889?
53
Calculate the highest common divisor of 8601 and 3.
3
What is the highest common factor of 2451 and 1321906?
817
Calculate the highest common factor of 5838 and 2363.
139
What is the greatest common factor of 388 and 844?
4
What is the highest common divisor of 120 and 233720?
40
Calculate the greatest common divisor of 350993 and 6587.
941
Calculate the greatest common factor of 678 and 74354.
226
What is the greatest common divisor of 287 and 3338671?
287
What is the highest common factor of 3305 and 70?
5
What is the greatest common factor of 833 and 697?
17
Calculate the highest common divisor of 17 and 11441.
17
Calculate the greatest common factor of 655704 and 28.
28
Calculate the highest common factor of 115128 and 312.
312
Calculate the greatest common factor of 2055 and 2740.
685
What is the highest common divisor of 54763 and 23?
23
What is the greatest common factor of 4 and 223164?
4
Calculate the highest common factor of 2704 and 32.
16
What is the highest common divisor of 83594 and 245?
49
Calculate the highest common factor of 24 and 4353.
3
What is the greatest common divisor of 155 and 2315?
5
Calculate the greatest common factor of 180 and 2490.
30
Calculate the greatest common factor of 1975 and 975.
25
What is the highest common divisor of 9295 and 655?
5
Calculate the highest common factor of 2536 and 392.
8
What is the highest common factor of 2312 and 104771?
17
Calculate the highest common factor of 864 and 1480.
8
Calculate the highest common factor of 16882 and 874.
46
Calculate the highest common divisor of 26979 and 2047.
23
Calculate the greatest common divisor of 424 and 154696.
8
What is the greatest common divisor of 470 and 15228?
94
Calculate the greatest common divisor of 83385 and 1700.
85
Calculate the greatest common divisor of 2652 and 13090.
34
Calculate the highest common divisor of 73524 and 192.
12
Calculate the highest common factor of 557102 and 182.
182
What is the highest common divisor of 112625 and 255?
85
What is the greatest common divisor of 2565 and 13905?
135
Calculate the greatest common factor of 5875 and 3760.
235
Calculate the highest common factor of 55622 and 6028.
274
What is the greatest common factor of 33 and 571461?
33
What is the highest common divisor of 76 and 2033?
19
What is the highest common factor of 50344 and 15022?
406
What is the greatest common divisor of 1 and 1358263?
1
What is the highest common factor of 88 and 141988?
44
Calculate the greatest common divisor of 1053 and 2861703.
351
What is the greatest common factor of 463 and 5828707?
463
What is the highest common factor of 185663 and 463?
463
What is the highest common divisor of 840 and 18200?
280
Calculate the highest common divisor of 408850 and 962.
962
Calculate the highest common factor of 47157 and 33.
33
Calculate the greatest common divisor of 924 and 2828.
28
What is the greatest common factor of 2409 and 297?
33
What is the highest common factor of 2527 and 49457?
361
Calculate the highest common factor of 8 and 9960.
8
What is the greatest common factor of 56028 and 4263?
609
What is the greatest common factor of 28 and 25942?
14
What is the greatest common factor of 30 and 21360?
30
What is the highest common divisor of 9046 and 2?
2
Calculate the greatest common factor of 4170 and 39930.
30
What is the greatest common divisor of 178556 and 12?
4
What is the highest common divisor of 9196 and 1748?
76
Calculate the greatest common factor of 186195 and 345.
15
What is the greatest common factor of 18 and 161994?
6
What is the highest common divisor of 334 and 207748?
334
What is the greatest common divisor of 884364 and 2496?
156
What is the greatest common factor of 3074350 and 50?
50
What is the highest common divisor of 35133 and 294?
147
Calculate the greatest common factor of 81641 and 17549.
763
What is the highest common factor of 73 and 38617?
73
What is the highest common factor of 228 and 5052?
12
What is the greatest common factor of 12645 and 135?
45
What is the greatest common factor of 23153 and 39884?
169
Calculate the greatest common divisor of 251618 and 194.
194
What is the highest common factor of 906 and 525178?
302
Calculate the greatest common factor of 1943624 and 76.
76
Calculate the highest common divisor of 168 and 6489.
21
Calculate the highest common factor of 320 and 772040.
40
Calculate the greatest common divisor of 2480 and 13520.
80
What is the greatest common divisor of 10788 and 54839?
899
What is the highest common factor of 50424 and 858?
66
What is the highest common factor of 34 and 461771?
17
What is the highest common factor of 8305 and 317251?
1661
Calculate the highest common factor of 134658 and 36.
18
Calculate the highest common factor of 27776 and 10304.
448
Calculate the greatest common factor of 87 and 1212577.
29
What is the greatest common factor of 111904 and 1144?
104
Calculate the greatest common divisor of 11 and 1792.
1
What is the greatest common factor of 558 and 44888?
62
What is the highest common divisor of 1750 and 3878?
14
What is the greatest common divisor of 10002 and 3?
3
What is the greatest common divisor of 6688 and 256?
32
What is the greatest common factor of 882 and 2835?
63
What is the greatest common factor of 3592620 and 100?
20
What is the highest common divisor of 498 and 8597970?
498
What is the greatest common factor of 198 and 622413?
99
Calculate the greatest common factor of 97196 and 44.
44
What is the highest common factor of 143740 and 760?
20
Calculate the greatest common factor of 187 and 1078.
11
What is the greatest common divisor of 3065474 and 493?
493
What is the greatest common divisor of 13764 and 868?
124
What is the highest common divisor of 72 and 1040418?
18
What is the greatest c